{"id":541,"date":"2024-10-09T15:27:17","date_gmt":"2024-10-09T18:27:17","guid":{"rendered":"https:\/\/gigawatt.com.ar\/?post_type=product&#038;p=541"},"modified":"2025-10-09T16:46:17","modified_gmt":"2025-10-09T19:46:17","slug":"pinza-amperometrica-true-rms-baw-ca-y-cc-frecuencia-capacimetro-y-temperatura-2","status":"publish","type":"product","link":"https:\/\/gigawatt.com.ar\/index.php\/producto\/pinza-amperometrica-true-rms-baw-ca-y-cc-frecuencia-capacimetro-y-temperatura-2\/","title":{"rendered":"Pinza Amperom\u00e9trica True RMS BAW CA y CC (Frecuencia, Capac\u00edmetro y Temperatura)"},"content":{"rendered":"<p><strong>Pinza Amperom\u00e9trica True RMS BAW CA y CC (Frecuencia, Capac\u00edmetro y Temperatura)<\/strong><\/p>\n<ul>\n<li>Marca BAW<\/li>\n<li>Pinza de medici\u00f3n digital SMART TRUE RMS \u2013 ACC\/ACA<\/li>\n<li>Rango autom\u00e1tico<\/li>\n<li>Display LCD de 3 5\/6 d\u00edgitos, 6000 cuentas y retroiluminado<\/li>\n<li>Apertura de mordazas: \u00d826x44mm<\/li>\n<li>Corriente: ACA: 60A\/600A (\u00b12%+3). ACC: 60A\/600A (\u00b12%+3)<\/li>\n<li>Tensi\u00f3n: VCA: 6V\/60V\/600V (\u00b11%+3). VCC: 6V\/60V\/600V (\u00b10,5%+3)<\/li>\n<li>Frecuencia: 6Hz~10MHz<\/li>\n<li>Resistencia: 6,000k\u2126-60,00M\u2126<\/li>\n<li>Capacidad: 6,000nF-60,00mF<\/li>\n<li>Temperatura: -20 ~1000\u00baC<\/li>\n<li>Detecci\u00f3n de tensi\u00f3n sin contacto NCV<\/li>\n<li>Continuidad con buzzer<\/li>\n<li>Prueba de diodos<\/li>\n<li>Retenci\u00f3n de lectura<\/li>\n<li>ACC cero<\/li>\n<li>Auto OFF<\/li>\n<li>Indicador de baja bater\u00eda<\/li>\n<li>Categor\u00eda de sobretensi\u00f3n (doble aislaci\u00f3n): CAT III 600V<\/li>\n<li>Seguridad: IEC 61010-1 EN61326-1<\/li>\n<li>Poluci\u00f3n grado 2<\/li>\n<li>Alimentaci\u00f3n: 2 bater\u00edas de 1.5V AAA (no incluidas)<\/li>\n<li>Dimensiones: 172mmx64mmx32mm<\/li>\n<li>Peso: ~161g<\/li>\n<li>Accesorios: Puntas de prueba, termocupla h\/140\u00baC, funda y manual<\/li>\n<\/ul>\n","protected":false},"excerpt":{"rendered":"<p>PINZA AMPEROMETRICA RM900E<\/p>\n","protected":false},"featured_media":542,"template":"","meta":{"site-sidebar-layout":"default","site-content-layout":"","ast-site-content-layout":"","site-content-style":"default","site-sidebar-style":"default","ast-global-header-display":"","ast-banner-title-visibility":"","ast-main-header-display":"","ast-hfb-above-header-display":"","ast-hfb-below-header-display":"","ast-hfb-mobile-header-display":"","site-post-title":"","ast-breadcrumbs-content":"","ast-featured-img":"","footer-sml-layout":"","theme-transparent-header-meta":"","adv-header-id-meta":"","stick-header-meta":"","header-above-stick-meta":"","header-main-stick-meta":"","header-below-stick-meta":"","astra-migrate-meta-layouts":"default","ast-page-background-enabled":"default","ast-page-background-meta":{"desktop":{"background-color":"var(--ast-global-color-4)","background-image":"","background-repeat":"repeat","background-position":"center center","background-size":"auto","background-attachment":"scroll","background-type":"","background-media":"","overlay-type":"","overlay-color":"","overlay-opacity":"","overlay-gradient":""},"tablet":{"background-color":"","background-image":"","background-repeat":"repeat","background-position":"center center","background-size":"auto","background-attachment":"scroll","background-type":"","background-media":"","overlay-type":"","overlay-color":"","overlay-opacity":"","overlay-gradient":""},"mobile":{"background-color":"","background-image":"","background-repeat":"repeat","background-position":"center center","background-size":"auto","background-attachment":"scroll","background-type":"","background-media":"","overlay-type":"","overlay-color":"","overlay-opacity":"","overlay-gradient":""}},"ast-content-background-meta":{"desktop":{"background-color":"var(--ast-global-color-5)","background-image":"","background-repeat":"repeat","background-position":"center center","background-size":"auto","background-attachment":"scroll","background-type":"","background-media":"","overlay-type":"","overlay-color":"","overlay-opacity":"","overlay-gradient":""},"tablet":{"background-color":"var(--ast-global-color-5)","background-image":"","background-repeat":"repeat","background-position":"center center","background-size":"auto","background-attachment":"scroll","background-type":"","background-media":"","overlay-type":"","overlay-color":"","overlay-opacity":"","overlay-gradient":""},"mobile":{"background-color":"var(--ast-global-color-5)","background-image":"","background-repeat":"repeat","background-position":"center center","background-size":"auto","background-attachment":"scroll","background-type":"","background-media":"","overlay-type":"","overlay-color":"","overlay-opacity":"","overlay-gradient":""}}},"pwb-brand":[279],"product_brand":[],"product_cat":[416,476,388,478],"product_tag":[],"class_list":{"0":"post-541","1":"product","2":"type-product","3":"status-publish","4":"has-post-thumbnail","6":"pwb-brand-baw","7":"product_cat-instrumentos_medicion","8":"product_cat-pinza_trms","9":"product_cat-pinzas_amperometricas","10":"product_cat-pinzas_ca_cc","11":"desktop-align-left","12":"tablet-align-left","13":"mobile-align-left","15":"first","16":"onbackorder","17":"shipping-taxable","18":"purchasable","19":"product-type-simple"},"jetpack_sharing_enabled":true,"brands":[{"id":279,"name":"BAW","slug":"baw"}],"_links":{"self":[{"href":"https:\/\/gigawatt.com.ar\/index.php\/wp-json\/wp\/v2\/product\/541","targetHints":{"allow":["GET"]}}],"collection":[{"href":"https:\/\/gigawatt.com.ar\/index.php\/wp-json\/wp\/v2\/product"}],"about":[{"href":"https:\/\/gigawatt.com.ar\/index.php\/wp-json\/wp\/v2\/types\/product"}],"version-history":[{"count":1,"href":"https:\/\/gigawatt.com.ar\/index.php\/wp-json\/wp\/v2\/product\/541\/revisions"}],"predecessor-version":[{"id":2642,"href":"https:\/\/gigawatt.com.ar\/index.php\/wp-json\/wp\/v2\/product\/541\/revisions\/2642"}],"wp:featuredmedia":[{"embeddable":true,"href":"https:\/\/gigawatt.com.ar\/index.php\/wp-json\/wp\/v2\/media\/542"}],"wp:attachment":[{"href":"https:\/\/gigawatt.com.ar\/index.php\/wp-json\/wp\/v2\/media?parent=541"}],"wp:term":[{"taxonomy":"pwb-brand","embeddable":true,"href":"https:\/\/gigawatt.com.ar\/index.php\/wp-json\/wp\/v2\/pwb-brand?post=541"},{"taxonomy":"product_brand","embeddable":true,"href":"https:\/\/gigawatt.com.ar\/index.php\/wp-json\/wp\/v2\/product_brand?post=541"},{"taxonomy":"product_cat","embeddable":true,"href":"https:\/\/gigawatt.com.ar\/index.php\/wp-json\/wp\/v2\/product_cat?post=541"},{"taxonomy":"product_tag","embeddable":true,"href":"https:\/\/gigawatt.com.ar\/index.php\/wp-json\/wp\/v2\/product_tag?post=541"}],"curies":[{"name":"wp","href":"https:\/\/api.w.org\/{rel}","templated":true}]}}