{"id":567,"date":"2024-10-09T17:42:13","date_gmt":"2024-10-09T20:42:13","guid":{"rendered":"https:\/\/gigawatt.com.ar\/?post_type=product&#038;p=567"},"modified":"2025-10-09T16:30:58","modified_gmt":"2025-10-09T19:30:58","slug":"bm3548","status":"publish","type":"product","link":"https:\/\/gigawatt.com.ar\/index.php\/producto\/bm3548\/","title":{"rendered":"Mult\u00edmetro \/ Tester combinado con Megohmetro (Frecuencia y Capacidad)"},"content":{"rendered":"<p><strong>Mult\u00edmetro BAW combinado con Megohmetro<\/strong><\/p>\n<ul>\n<li>Multimetro con medici\u00f3n de aislaci\u00f3n<\/li>\n<li>Pantalla LCD retro iluminada con doble visualizaci\u00f3n de\u00a04000 cuentas<\/li>\n<li>Tensiones de prueba: 250V\/500V\/1000V<\/li>\n<li>Resistencia de aislamiento: 200K\u2126~40G\u2126<\/li>\n<li>Precisi\u00f3n: 200K\u2126~200M\u2126 \u00b1 3%, 200M\u2126 \u00b1 5%~40G\u2126 \u00b1 10%<\/li>\n<li>Corriente de cortocircuito: 1,5mA. Medici\u00f3n de tiempo: 1, 2 y 10 minutos. Durante la realizaci\u00f3n de la medici\u00f3n de aislaci\u00f3n se visualiza no solo la resistencia, sino tambi\u00e9n la tensi\u00f3n aplicada y el tiempo duraci\u00f3n de la prueba.<\/li>\n<\/ul>\n<p>&nbsp;<\/p>\n<p>Mediciones como Mult\u00edmetro<\/p>\n<ul>\n<li>Tensi\u00f3n: 400mV\/ 4V\/ 40V\/ 400VCC \u00b1 0,5%; 1000 VCC \u00b1 0,8%. 4V\/ 40V\/ 400VCA 0,8%; 700VCA \u00b1 1.0%<\/li>\n<li>Corriente: 40mA\/ 400mACA \u00b1 1.0%. 40mA\/400mACC \u00b1 0,8%<\/li>\n<li>Resistencia: 400\/ 4K\/ 40K\/ 400K\u2126 \u00b1 0,8; 4M\u2126 \u00b1 1.0%; 40M\u2126 \u00b1 2.0%<\/li>\n<li>Capacidad: 40nF\/ 400nF\/ 4\u03bcF\/ 40\u03bcF \u00b1 3.0%<\/li>\n<li>Frecuencia: 40 Hz\/ 400Hz\/ 4kHz\/ 40KHz\/ 400kHz\/ 4MHz \u00b1 0.5%<\/li>\n<li>Funci\u00f3n de auto calibrado, se pueden calibrar todos los rangos de forma sencilla mediante una rutina preestablecida<\/li>\n<li>Prueba de Diodos<\/li>\n<li>Continuidad con Buzzer<\/li>\n<li>Apagado OFF<\/li>\n<li>Panel de Calibraci\u00f3n<\/li>\n<li>Retenci\u00f3n de datos<\/li>\n<li>Provisto con: Cables de prueba, Pinzas de cocodrilo, Funda y manual<\/li>\n<li>Alimentaci\u00f3n: 6 bater\u00edas AA (no provistas)<\/li>\n<\/ul>\n","protected":false},"excerpt":{"rendered":"<p>Mult\u00edmetro \/ Tester Digital Combinado con Megohmetro con medici\u00f3n de Frecuencia y Capacidad BM3548<\/p>\n","protected":false},"featured_media":568,"template":"","meta":{"site-sidebar-layout":"default","site-content-layout":"","ast-site-content-layout":"default","site-content-style":"default","site-sidebar-style":"default","ast-global-header-display":"","ast-banner-title-visibility":"","ast-main-header-display":"","ast-hfb-above-header-display":"","ast-hfb-below-header-display":"","ast-hfb-mobile-header-display":"","site-post-title":"","ast-breadcrumbs-content":"","ast-featured-img":"","footer-sml-layout":"","theme-transparent-header-meta":"default","adv-header-id-meta":"","stick-header-meta":"","header-above-stick-meta":"","header-main-stick-meta":"","header-below-stick-meta":"","astra-migrate-meta-layouts":"set","ast-page-background-enabled":"default","ast-page-background-meta":{"desktop":{"background-color":"var(--ast-global-color-4)","background-image":"","background-repeat":"repeat","background-position":"center center","background-size":"auto","background-attachment":"scroll","background-type":"","background-media":"","overlay-type":"","overlay-color":"","overlay-opacity":"","overlay-gradient":""},"tablet":{"background-color":"","background-image":"","background-repeat":"repeat","background-position":"center center","background-size":"auto","background-attachment":"scroll","background-type":"","background-media":"","overlay-type":"","overlay-color":"","overlay-opacity":"","overlay-gradient":""},"mobile":{"background-color":"","background-image":"","background-repeat":"repeat","background-position":"center center","background-size":"auto","background-attachment":"scroll","background-type":"","background-media":"","overlay-type":"","overlay-color":"","overlay-opacity":"","overlay-gradient":""}},"ast-content-background-meta":{"desktop":{"background-color":"var(--ast-global-color-5)","background-image":"","background-repeat":"repeat","background-position":"center center","background-size":"auto","background-attachment":"scroll","background-type":"","background-media":"","overlay-type":"","overlay-color":"","overlay-opacity":"","overlay-gradient":""},"tablet":{"background-color":"var(--ast-global-color-5)","background-image":"","background-repeat":"repeat","background-position":"center center","background-size":"auto","background-attachment":"scroll","background-type":"","background-media":"","overlay-type":"","overlay-color":"","overlay-opacity":"","overlay-gradient":""},"mobile":{"background-color":"var(--ast-global-color-5)","background-image":"","background-repeat":"repeat","background-position":"center center","background-size":"auto","background-attachment":"scroll","background-type":"","background-media":"","overlay-type":"","overlay-color":"","overlay-opacity":"","overlay-gradient":""}}},"pwb-brand":[279],"product_brand":[],"product_cat":[416,220,215,373,475],"product_tag":[],"class_list":{"0":"post-567","1":"product","2":"type-product","3":"status-publish","4":"has-post-thumbnail","6":"pwb-brand-baw","7":"product_cat-instrumentos_medicion","8":"product_cat-megohmetros","9":"product_cat-multifuncion","10":"product_cat-tester","11":"product_cat-tester_multifuncion","12":"desktop-align-left","13":"tablet-align-left","14":"mobile-align-left","16":"first","17":"onbackorder","18":"shipping-taxable","19":"purchasable","20":"product-type-simple"},"jetpack_sharing_enabled":true,"brands":[{"id":279,"name":"BAW","slug":"baw"}],"_links":{"self":[{"href":"https:\/\/gigawatt.com.ar\/index.php\/wp-json\/wp\/v2\/product\/567","targetHints":{"allow":["GET"]}}],"collection":[{"href":"https:\/\/gigawatt.com.ar\/index.php\/wp-json\/wp\/v2\/product"}],"about":[{"href":"https:\/\/gigawatt.com.ar\/index.php\/wp-json\/wp\/v2\/types\/product"}],"version-history":[{"count":1,"href":"https:\/\/gigawatt.com.ar\/index.php\/wp-json\/wp\/v2\/product\/567\/revisions"}],"predecessor-version":[{"id":776,"href":"https:\/\/gigawatt.com.ar\/index.php\/wp-json\/wp\/v2\/product\/567\/revisions\/776"}],"wp:featuredmedia":[{"embeddable":true,"href":"https:\/\/gigawatt.com.ar\/index.php\/wp-json\/wp\/v2\/media\/568"}],"wp:attachment":[{"href":"https:\/\/gigawatt.com.ar\/index.php\/wp-json\/wp\/v2\/media?parent=567"}],"wp:term":[{"taxonomy":"pwb-brand","embeddable":true,"href":"https:\/\/gigawatt.com.ar\/index.php\/wp-json\/wp\/v2\/pwb-brand?post=567"},{"taxonomy":"product_brand","embeddable":true,"href":"https:\/\/gigawatt.com.ar\/index.php\/wp-json\/wp\/v2\/product_brand?post=567"},{"taxonomy":"product_cat","embeddable":true,"href":"https:\/\/gigawatt.com.ar\/index.php\/wp-json\/wp\/v2\/product_cat?post=567"},{"taxonomy":"product_tag","embeddable":true,"href":"https:\/\/gigawatt.com.ar\/index.php\/wp-json\/wp\/v2\/product_tag?post=567"}],"curies":[{"name":"wp","href":"https:\/\/api.w.org\/{rel}","templated":true}]}}