{"id":574,"date":"2024-10-09T17:53:26","date_gmt":"2024-10-09T20:53:26","guid":{"rendered":"https:\/\/gigawatt.com.ar\/?post_type=product&#038;p=574"},"modified":"2025-10-09T16:27:36","modified_gmt":"2025-10-09T19:27:36","slug":"multimetro-automotor-brymen-ip-rpm-ig-rpm-dwell-pfi-tbi-capacidad-y-temperatura","status":"publish","type":"product","link":"https:\/\/gigawatt.com.ar\/index.php\/producto\/multimetro-automotor-brymen-ip-rpm-ig-rpm-dwell-pfi-tbi-capacidad-y-temperatura\/","title":{"rendered":"Mult\u00edmetro Automotor Brymen IP-RPM IG-RPM Dwell PFI TBI (Capacidad y Temperatura)"},"content":{"rendered":"<p><strong>Mult\u00edmetro BRYMEN para uso automotor<\/strong><\/p>\n<ul>\n<li>Mult\u00edmetro digital para uso automotor marca Brymen<\/li>\n<li>Display 3-5\/6 d\u00edgitos con iluminaci\u00f3n, 6000 cuentas, 5 actualizaciones por segundo, barra gr\u00e1fica de 24 segmentos<\/li>\n<li>Tensi\u00f3n: hasta 1000 V CC\/CA<\/li>\n<li>Corriente hasta 10 A CC\/CA<\/li>\n<li>Exactitud b\u00e1sica de 0.4% en VCC, 2.0% VCA, 0.7% ACC y 2.2% ACA<\/li>\n<li>Resistencia h\/60M\u2126<\/li>\n<li>Capacidad h\/2mF<\/li>\n<li>Temperatura hasta 1000\u00ba C<\/li>\n<li>Prueba de diodos y continuidad<\/li>\n<li>IP-RPM e IG-RPM hasta 2000 (4, 2 y 2M)<\/li>\n<li>DWELL hasta 12 cilindros<\/li>\n<li>Niveles y pendientes de sensibilidad seleccionables<\/li>\n<li>Detector de inyecci\u00f3n PFI y TBI hasta 250.0 ms<\/li>\n<li>Frecuencia a nivel de l\u00ednea hasta 1 kHz<\/li>\n<li>Incluye puntas de prueba, manual de uso, termocupla tipo K y sensor tipo inductivo<\/li>\n<li>CAT II 1000 V CA\/CC. CAT II 450 V A CA\/CC<\/li>\n<li>Alimentaci\u00f3n. Bat. 9 V (no provista)<\/li>\n<\/ul>\n","protected":false},"excerpt":{"rendered":"<p>Mult\u00edmetro \/ Tester Digital Automotor con medici\u00f3n de Frecuencia, Capacidad y Temperatura BM-319<\/p>\n","protected":false},"featured_media":575,"template":"","meta":{"site-sidebar-layout":"default","site-content-layout":"","ast-site-content-layout":"default","site-content-style":"default","site-sidebar-style":"default","ast-global-header-display":"","ast-banner-title-visibility":"","ast-main-header-display":"","ast-hfb-above-header-display":"","ast-hfb-below-header-display":"","ast-hfb-mobile-header-display":"","site-post-title":"","ast-breadcrumbs-content":"","ast-featured-img":"","footer-sml-layout":"","theme-transparent-header-meta":"default","adv-header-id-meta":"","stick-header-meta":"","header-above-stick-meta":"","header-main-stick-meta":"","header-below-stick-meta":"","astra-migrate-meta-layouts":"set","ast-page-background-enabled":"default","ast-page-background-meta":{"desktop":{"background-color":"var(--ast-global-color-4)","background-image":"","background-repeat":"repeat","background-position":"center center","background-size":"auto","background-attachment":"scroll","background-type":"","background-media":"","overlay-type":"","overlay-color":"","overlay-opacity":"","overlay-gradient":""},"tablet":{"background-color":"","background-image":"","background-repeat":"repeat","background-position":"center center","background-size":"auto","background-attachment":"scroll","background-type":"","background-media":"","overlay-type":"","overlay-color":"","overlay-opacity":"","overlay-gradient":""},"mobile":{"background-color":"","background-image":"","background-repeat":"repeat","background-position":"center center","background-size":"auto","background-attachment":"scroll","background-type":"","background-media":"","overlay-type":"","overlay-color":"","overlay-opacity":"","overlay-gradient":""}},"ast-content-background-meta":{"desktop":{"background-color":"var(--ast-global-color-5)","background-image":"","background-repeat":"repeat","background-position":"center center","background-size":"auto","background-attachment":"scroll","background-type":"","background-media":"","overlay-type":"","overlay-color":"","overlay-opacity":"","overlay-gradient":""},"tablet":{"background-color":"var(--ast-global-color-5)","background-image":"","background-repeat":"repeat","background-position":"center center","background-size":"auto","background-attachment":"scroll","background-type":"","background-media":"","overlay-type":"","overlay-color":"","overlay-opacity":"","overlay-gradient":""},"mobile":{"background-color":"var(--ast-global-color-5)","background-image":"","background-repeat":"repeat","background-position":"center center","background-size":"auto","background-attachment":"scroll","background-type":"","background-media":"","overlay-type":"","overlay-color":"","overlay-opacity":"","overlay-gradient":""}}},"pwb-brand":[279],"product_brand":[],"product_cat":[416,373,216,475],"product_tag":[],"class_list":{"0":"post-574","1":"product","2":"type-product","3":"status-publish","4":"has-post-thumbnail","6":"pwb-brand-baw","7":"product_cat-instrumentos_medicion","8":"product_cat-tester","9":"product_cat-para-automotor","10":"product_cat-tester_multifuncion","11":"desktop-align-left","12":"tablet-align-left","13":"mobile-align-left","15":"first","16":"onbackorder","17":"shipping-taxable","18":"purchasable","19":"product-type-simple"},"jetpack_sharing_enabled":true,"brands":[{"id":279,"name":"BAW","slug":"baw"}],"_links":{"self":[{"href":"https:\/\/gigawatt.com.ar\/index.php\/wp-json\/wp\/v2\/product\/574","targetHints":{"allow":["GET"]}}],"collection":[{"href":"https:\/\/gigawatt.com.ar\/index.php\/wp-json\/wp\/v2\/product"}],"about":[{"href":"https:\/\/gigawatt.com.ar\/index.php\/wp-json\/wp\/v2\/types\/product"}],"version-history":[{"count":1,"href":"https:\/\/gigawatt.com.ar\/index.php\/wp-json\/wp\/v2\/product\/574\/revisions"}],"predecessor-version":[{"id":772,"href":"https:\/\/gigawatt.com.ar\/index.php\/wp-json\/wp\/v2\/product\/574\/revisions\/772"}],"wp:featuredmedia":[{"embeddable":true,"href":"https:\/\/gigawatt.com.ar\/index.php\/wp-json\/wp\/v2\/media\/575"}],"wp:attachment":[{"href":"https:\/\/gigawatt.com.ar\/index.php\/wp-json\/wp\/v2\/media?parent=574"}],"wp:term":[{"taxonomy":"pwb-brand","embeddable":true,"href":"https:\/\/gigawatt.com.ar\/index.php\/wp-json\/wp\/v2\/pwb-brand?post=574"},{"taxonomy":"product_brand","embeddable":true,"href":"https:\/\/gigawatt.com.ar\/index.php\/wp-json\/wp\/v2\/product_brand?post=574"},{"taxonomy":"product_cat","embeddable":true,"href":"https:\/\/gigawatt.com.ar\/index.php\/wp-json\/wp\/v2\/product_cat?post=574"},{"taxonomy":"product_tag","embeddable":true,"href":"https:\/\/gigawatt.com.ar\/index.php\/wp-json\/wp\/v2\/product_tag?post=574"}],"curies":[{"name":"wp","href":"https:\/\/api.w.org\/{rel}","templated":true}]}}