{"id":588,"date":"2024-10-09T18:08:32","date_gmt":"2024-10-09T21:08:32","guid":{"rendered":"https:\/\/gigawatt.com.ar\/?post_type=product&#038;p=588"},"modified":"2025-10-09T16:28:38","modified_gmt":"2025-10-09T19:28:38","slug":"multimetro-baw-true-rms-con-salida-a-pc-duty-cicle-frecuencia-capacidad-y-temperatura","status":"publish","type":"product","link":"https:\/\/gigawatt.com.ar\/index.php\/producto\/multimetro-baw-true-rms-con-salida-a-pc-duty-cicle-frecuencia-capacidad-y-temperatura\/","title":{"rendered":"Mult\u00edmetro BAW True RMS con Salida a PC (Duty Cicle, Frecuencia, Capacidad y Temperatura)"},"content":{"rendered":"<p><strong>Mult\u00edmetro True RMS con Salida a PC<\/strong><\/p>\n<ul>\n<li>Mult\u00edmetro autorrango TRUE RMS<\/li>\n<li>Display 3-5\/6 d\u00edgitos 6000 cuentas<\/li>\n<li>Barra gr\u00e1fica de 40 m\/s<\/li>\n<li>Tensi\u00f3n: 60mV~1000VCC (+0,8% +3d), 60mV~750VCA (+0,8% +3d)<\/li>\n<li>Corriente 600uA~10ACC\/CA (+1,5% +8d)<\/li>\n<li>Resistencia 600\u03a9 ~ 60M\u03a9<\/li>\n<li>Frecuencia h\/10MHz<\/li>\n<li>Capacidad: 10pF~20mF<\/li>\n<li>Temperatura -20\u00baC ~ 1000\u00baC<\/li>\n<li>DUTY CICLE 0,1%-99,9%<\/li>\n<li>Auto OFF<\/li>\n<li>Backlight<\/li>\n<li>Retenci\u00f3n de \u00faltima lectura, detecci\u00f3n de m\u00e1ximos y m\u00ednimos<\/li>\n<li>Continuidad y buzzer<\/li>\n<li>Prueba de diodos y transistores<\/li>\n<li>Protecci\u00f3n por sobrecarga<\/li>\n<li>Protegido contra sobretensiones transitorias por descargas atmosf\u00e9ricas (6KV 1,2\/50useg)<\/li>\n<li>Acccesorios provistos: puntas de prueba, termocupla tipo K (&lt;200\u00baC), Software y cable USB para comunicaci\u00f3n a PC, holster y adaptador para termocupla y transistores<\/li>\n<li>IEC 61010-1 CAT III 600V<\/li>\n<li>Alimentaci\u00f3n: Bater\u00eda 9V (no provista)<\/li>\n<\/ul>\n","protected":false},"excerpt":{"rendered":"<p>Mult\u00edmetro \/ Tester Digital Salida a PC con medici\u00f3n de Duty Cicle, Frecuencia, Capacidad y Temperatura WH5000<\/p>\n","protected":false},"featured_media":589,"template":"","meta":{"site-sidebar-layout":"default","site-content-layout":"","ast-site-content-layout":"default","site-content-style":"default","site-sidebar-style":"default","ast-global-header-display":"","ast-banner-title-visibility":"","ast-main-header-display":"","ast-hfb-above-header-display":"","ast-hfb-below-header-display":"","ast-hfb-mobile-header-display":"","site-post-title":"","ast-breadcrumbs-content":"","ast-featured-img":"","footer-sml-layout":"","theme-transparent-header-meta":"default","adv-header-id-meta":"","stick-header-meta":"","header-above-stick-meta":"","header-main-stick-meta":"","header-below-stick-meta":"","astra-migrate-meta-layouts":"set","ast-page-background-enabled":"default","ast-page-background-meta":{"desktop":{"background-color":"var(--ast-global-color-4)","background-image":"","background-repeat":"repeat","background-position":"center center","background-size":"auto","background-attachment":"scroll","background-type":"","background-media":"","overlay-type":"","overlay-color":"","overlay-opacity":"","overlay-gradient":""},"tablet":{"background-color":"","background-image":"","background-repeat":"repeat","background-position":"center center","background-size":"auto","background-attachment":"scroll","background-type":"","background-media":"","overlay-type":"","overlay-color":"","overlay-opacity":"","overlay-gradient":""},"mobile":{"background-color":"","background-image":"","background-repeat":"repeat","background-position":"center center","background-size":"auto","background-attachment":"scroll","background-type":"","background-media":"","overlay-type":"","overlay-color":"","overlay-opacity":"","overlay-gradient":""}},"ast-content-background-meta":{"desktop":{"background-color":"var(--ast-global-color-5)","background-image":"","background-repeat":"repeat","background-position":"center center","background-size":"auto","background-attachment":"scroll","background-type":"","background-media":"","overlay-type":"","overlay-color":"","overlay-opacity":"","overlay-gradient":""},"tablet":{"background-color":"var(--ast-global-color-5)","background-image":"","background-repeat":"repeat","background-position":"center center","background-size":"auto","background-attachment":"scroll","background-type":"","background-media":"","overlay-type":"","overlay-color":"","overlay-opacity":"","overlay-gradient":""},"mobile":{"background-color":"var(--ast-global-color-5)","background-image":"","background-repeat":"repeat","background-position":"center center","background-size":"auto","background-attachment":"scroll","background-type":"","background-media":"","overlay-type":"","overlay-color":"","overlay-opacity":"","overlay-gradient":""}}},"pwb-brand":[279],"product_brand":[],"product_cat":[416,373,472],"product_tag":[],"class_list":{"0":"post-588","1":"product","2":"type-product","3":"status-publish","4":"has-post-thumbnail","6":"pwb-brand-baw","7":"product_cat-instrumentos_medicion","8":"product_cat-tester","9":"product_cat-tester_trms","10":"desktop-align-left","11":"tablet-align-left","12":"mobile-align-left","14":"first","15":"onbackorder","16":"shipping-taxable","17":"purchasable","18":"product-type-simple"},"jetpack_sharing_enabled":true,"brands":[{"id":279,"name":"BAW","slug":"baw"}],"_links":{"self":[{"href":"https:\/\/gigawatt.com.ar\/index.php\/wp-json\/wp\/v2\/product\/588","targetHints":{"allow":["GET"]}}],"collection":[{"href":"https:\/\/gigawatt.com.ar\/index.php\/wp-json\/wp\/v2\/product"}],"about":[{"href":"https:\/\/gigawatt.com.ar\/index.php\/wp-json\/wp\/v2\/types\/product"}],"version-history":[{"count":2,"href":"https:\/\/gigawatt.com.ar\/index.php\/wp-json\/wp\/v2\/product\/588\/revisions"}],"predecessor-version":[{"id":766,"href":"https:\/\/gigawatt.com.ar\/index.php\/wp-json\/wp\/v2\/product\/588\/revisions\/766"}],"wp:featuredmedia":[{"embeddable":true,"href":"https:\/\/gigawatt.com.ar\/index.php\/wp-json\/wp\/v2\/media\/589"}],"wp:attachment":[{"href":"https:\/\/gigawatt.com.ar\/index.php\/wp-json\/wp\/v2\/media?parent=588"}],"wp:term":[{"taxonomy":"pwb-brand","embeddable":true,"href":"https:\/\/gigawatt.com.ar\/index.php\/wp-json\/wp\/v2\/pwb-brand?post=588"},{"taxonomy":"product_brand","embeddable":true,"href":"https:\/\/gigawatt.com.ar\/index.php\/wp-json\/wp\/v2\/product_brand?post=588"},{"taxonomy":"product_cat","embeddable":true,"href":"https:\/\/gigawatt.com.ar\/index.php\/wp-json\/wp\/v2\/product_cat?post=588"},{"taxonomy":"product_tag","embeddable":true,"href":"https:\/\/gigawatt.com.ar\/index.php\/wp-json\/wp\/v2\/product_tag?post=588"}],"curies":[{"name":"wp","href":"https:\/\/api.w.org\/{rel}","templated":true}]}}