{"id":867,"date":"2024-11-18T12:01:52","date_gmt":"2024-11-18T15:01:52","guid":{"rendered":"https:\/\/gigawatt.com.ar\/?post_type=product&#038;p=867"},"modified":"2025-11-04T10:01:45","modified_gmt":"2025-11-04T13:01:45","slug":"tablero_bomba_agua_tanque_filtro_riego_automatico","status":"publish","type":"product","link":"https:\/\/gigawatt.com.ar\/index.php\/producto\/tablero_bomba_agua_tanque_filtro_riego_automatico\/","title":{"rendered":"Tablero Bomba Agua Tanque Filtro Riego Autom\u00e1tico"},"content":{"rendered":"<p>TABLERO PARA COMANDO AUTOMATICO<br \/>\nPARA 1 BOMBAS PERFORACION PARA LLENADO DE TANQUE Y SISTEMA DE RIEGO<\/p>\n<p>El tablero comanda una bomba de perforaci\u00f3n para llenado de tanque y comando de riego.<\/p>\n<p>El tanque funciona con un flotante (No incluido)<br \/>\nEl riego funciona con un un sistema de riego tipo HUNTER (No incluido)<\/p>\n<p>**FUNCIONA CON ELECTROVALVULAS DE 24V NO INCLUIDAS<br \/>\n**<\/p>\n<p>SISTEMA DE PRIORIDADES AUTOM\u00c1TICO:<br \/>\nEn el caso de que falte agua en el tanque y el riego quiera funcionar al mismo tiempo.<br \/>\nEl tablero selecciona autom\u00e1ticamente a qui\u00e9n dar prioridad (se puede elegir antes del armado si dar prioridad al riego o al llenado del tanque de agua)<\/p>\n<p>El sistema funciona en conjunto con un sistema de riego tipo Hunter no incluido.<br \/>\nSirve para sistemas de riego ya instalados que funcionen con la misma bomba de llenado de tanque.<\/p>\n<p>Incluye:<br \/>\n&#8211; Gabinete tablero estanco para exterior (Medidas aprox. 42x42x15cm)<br \/>\n&#8211; Protecci\u00f3n Termomagn\u00e9tica 2x20A marca BAW o similar (x2u)<br \/>\n&#8211; Contactor para el comando para de la bomba de hasta 5,5kW (x1u)<br \/>\n&#8211; Rel\u00e9 t\u00e9rmico para protecci\u00f3n de la bomba (x1u) BAW o similar<br \/>\n&#8211; Selectora autom\u00e1tico-apagado-manual (AUTO-OFF-MAN TANQUE)<br \/>\n&#8211; Transformador 220\/24V 50W (x2u) Ignifugo<br \/>\n&#8211; Borneras de conexi\u00f3n para flotante (FLOTANTE NO INCLUIDO)<br \/>\n&#8211; Borneras de conexi\u00f3n para electrovalvulas (ELECTROVALVULAS NO INCLUIDAS)<br \/>\n&#8211; Prensacables (Para entrada, bomba, flotante y electrov\u00e1lvula de tanque)<br \/>\n&#8211; Luz de se\u00f1alizaci\u00f3n LED de bombas en marcha (x3u)<\/p>\n<p>** FUNCIONA CON ELECTROVALVULAS DE 24V NO INCLUIDAS<br \/>\n** NO INCLUYE FLOTANTES<\/p>\n<p>MANUAL DE INSTALACI\u00d3N EN PDF: Con el producto te llegan las instrucciones de como descargarlo.<\/p>\n<p>Asesoramiento postventa v\u00eda whastapp<\/p>\n","protected":false},"excerpt":{"rendered":"<p>Tablero Bomba Agua Tanque Filtro Riego Autom\u00e1tico<\/p>\n","protected":false},"featured_media":2167,"template":"","meta":{"site-sidebar-layout":"default","site-content-layout":"","ast-site-content-layout":"default","site-content-style":"default","site-sidebar-style":"default","ast-global-header-display":"","ast-banner-title-visibility":"","ast-main-header-display":"","ast-hfb-above-header-display":"","ast-hfb-below-header-display":"","ast-hfb-mobile-header-display":"","site-post-title":"","ast-breadcrumbs-content":"","ast-featured-img":"","footer-sml-layout":"","theme-transparent-header-meta":"default","adv-header-id-meta":"","stick-header-meta":"","header-above-stick-meta":"","header-main-stick-meta":"","header-below-stick-meta":"","astra-migrate-meta-layouts":"set","ast-page-background-enabled":"default","ast-page-background-meta":{"desktop":{"background-color":"var(--ast-global-color-4)","background-image":"","background-repeat":"repeat","background-position":"center center","background-size":"auto","background-attachment":"scroll","background-type":"","background-media":"","overlay-type":"","overlay-color":"","overlay-opacity":"","overlay-gradient":""},"tablet":{"background-color":"","background-image":"","background-repeat":"repeat","background-position":"center center","background-size":"auto","background-attachment":"scroll","background-type":"","background-media":"","overlay-type":"","overlay-color":"","overlay-opacity":"","overlay-gradient":""},"mobile":{"background-color":"","background-image":"","background-repeat":"repeat","background-position":"center center","background-size":"auto","background-attachment":"scroll","background-type":"","background-media":"","overlay-type":"","overlay-color":"","overlay-opacity":"","overlay-gradient":""}},"ast-content-background-meta":{"desktop":{"background-color":"var(--ast-global-color-5)","background-image":"","background-repeat":"repeat","background-position":"center center","background-size":"auto","background-attachment":"scroll","background-type":"","background-media":"","overlay-type":"","overlay-color":"","overlay-opacity":"","overlay-gradient":""},"tablet":{"background-color":"var(--ast-global-color-5)","background-image":"","background-repeat":"repeat","background-position":"center center","background-size":"auto","background-attachment":"scroll","background-type":"","background-media":"","overlay-type":"","overlay-color":"","overlay-opacity":"","overlay-gradient":""},"mobile":{"background-color":"var(--ast-global-color-5)","background-image":"","background-repeat":"repeat","background-position":"center center","background-size":"auto","background-attachment":"scroll","background-type":"","background-media":"","overlay-type":"","overlay-color":"","overlay-opacity":"","overlay-gradient":""}}},"pwb-brand":[278],"product_brand":[],"product_cat":[195,199,136,137],"product_tag":[],"class_list":{"0":"post-867","1":"product","2":"type-product","3":"status-publish","4":"has-post-thumbnail","6":"pwb-brand-rs","7":"product_cat-tb_mono","8":"product_cat-tp_1_bomba","9":"product_cat-tableros_bombas_de_agua","10":"product_cat-tableros_piscinariego","11":"desktop-align-left","12":"tablet-align-left","13":"mobile-align-left","15":"first","16":"onbackorder","17":"shipping-taxable","18":"purchasable","19":"product-type-simple"},"jetpack_sharing_enabled":true,"brands":[{"id":278,"name":"RS Automation","slug":"rs"}],"_links":{"self":[{"href":"https:\/\/gigawatt.com.ar\/index.php\/wp-json\/wp\/v2\/product\/867","targetHints":{"allow":["GET"]}}],"collection":[{"href":"https:\/\/gigawatt.com.ar\/index.php\/wp-json\/wp\/v2\/product"}],"about":[{"href":"https:\/\/gigawatt.com.ar\/index.php\/wp-json\/wp\/v2\/types\/product"}],"version-history":[{"count":4,"href":"https:\/\/gigawatt.com.ar\/index.php\/wp-json\/wp\/v2\/product\/867\/revisions"}],"predecessor-version":[{"id":2170,"href":"https:\/\/gigawatt.com.ar\/index.php\/wp-json\/wp\/v2\/product\/867\/revisions\/2170"}],"wp:featuredmedia":[{"embeddable":true,"href":"https:\/\/gigawatt.com.ar\/index.php\/wp-json\/wp\/v2\/media\/2167"}],"wp:attachment":[{"href":"https:\/\/gigawatt.com.ar\/index.php\/wp-json\/wp\/v2\/media?parent=867"}],"wp:term":[{"taxonomy":"pwb-brand","embeddable":true,"href":"https:\/\/gigawatt.com.ar\/index.php\/wp-json\/wp\/v2\/pwb-brand?post=867"},{"taxonomy":"product_brand","embeddable":true,"href":"https:\/\/gigawatt.com.ar\/index.php\/wp-json\/wp\/v2\/product_brand?post=867"},{"taxonomy":"product_cat","embeddable":true,"href":"https:\/\/gigawatt.com.ar\/index.php\/wp-json\/wp\/v2\/product_cat?post=867"},{"taxonomy":"product_tag","embeddable":true,"href":"https:\/\/gigawatt.com.ar\/index.php\/wp-json\/wp\/v2\/product_tag?post=867"}],"curies":[{"name":"wp","href":"https:\/\/api.w.org\/{rel}","templated":true}]}}